ulate the remainder when 3142010 is divided by 25.
10
What is the remainder when 84804 is divided by 27665?
1809
What is the remainder when 69165235 is divided by 25?
10
What is the remainder when 2693 is divided by 892?
17
What is the remainder when 444613 is divided by 111138?
61
Calculate the remainder when 6931857 is divided by 269.
265
What is the remainder when 50532 is divided by 12503?
520
What is the remainder when 5393127 is divided by 1870?
47
What is the remainder when 1532570 is divided by 32?
26
What is the remainder when 585825 is divided by 195207?
204
What is the remainder when 443264 is divided by 485?
459
Calculate the remainder when 789992 is divided by 3910.
172
What is the remainder when 58611 is divided by 13952?
2803
What is the remainder when 24212 is divided by 7903?
503
What is the remainder when 8257514 is divided by 85129?
1
What is the remainder when 14928160 is divided by 266573?
72
Calculate the remainder when 19548447 is divided by 63.
51
Calculate the remainder when 17043860 is divided by 215745.
5
Calculate the remainder when 25561 is divided by 8445.
226
Calculate the remainder when 4841898 is divided by 593.
53
What is the remainder when 1365568 is divided by 4308?
4240
Calculate the remainder when 2988317150 is divided by 1504.
1502
Calculate the remainder when 398897 is divided by 132919.
140
What is the remainder when 352766 is divided by 29?
10
Calculate the remainder when 118110555 is divided by 691.
689
Calculate the remainder when 5522643 is divided by 11180.
10903
Calculate the remainder when 334273 is divided by 111359.
196
What is the remainder when 228112 is divided by 11914?
1746
What is the remainder when 88196 is divided by 2732?
772
What is the remainder when 8409 is divided by 3571?
1267
What is the remainder when 41769361 is divided by 29?
23
What is the remainder when 70970 is divided by 2837?
45
Calculate the remainder when 1124845 is divided by 12782.
29
Calculate the remainder when 9365 is divided by 4368.
629
Calculate the remainder when 449450 is divided by 60.
50
What is the remainder when 4476960 is divided by 2138?
2126
What is the remainder when 53639 is divided by 297?
179
What is the remainder when 26216 is divided by 2004?
164
What is the remainder when 382263 is divided by 27300?
63
What is the remainder when 22369 is divided by 3127?
480
Calculate the remainder when 762590 is divided by 24599.
21
Calculate the remainder when 1416627 is divided by 10897.
17
Calculate the remainder when 465931 is divided by 544.
267
What is the remainder when 452113 is divided by 15?
13
What is the remainder when 5567272 is divided by 2191?
2132
What is the remainder when 2548732 is divided by 125?
107
What is the remainder when 2484573 is divided by 2484565?
8
What is the remainder when 84852 is divided by 761?
381
Calculate the remainder when 35574 is divided by 2180.
694
Calculate the remainder when 9643 is divided by 1896.
163
What is the remainder when 499471 is divided by 499357?
114
Calculate the remainder when 5110293 is divided by 851715.
3
Calculate the remainder when 258075 is divided by 17198.
105
Calculate the remainder when 19471 is divided by 4739.
515
What is the remainder when 978449 is divided by 1344?
17
Calculate the remainder when 23944849 is divided by 27618.
43
What is the remainder when 438193 is divided by 146002?
187
Calculate the remainder when 69218728 is divided by 24.
16
What is the remainder when 3025088 is divided by 1145?
1143
Calculate the remainder when 14374262 is divided by 399285.
2
What is the remainder when 5934328 is divided by 44957?
4
What is the remainder when 569425 is divided by 1138?
425
What is the remainder when 109721952 is divided by 20?
12
Calculate the remainder when 10775904 is divided by 3756.
3696
Calculate the remainder when 177588 is divided by 174487.
3101
What is the remainder when 10219886 is divided by 249264?
62
What is the remainder when 20500384 is divided by 5392?
0
What is the remainder when 17944088 is divided by 972?
968
Calculate the remainder when 1976984 is divided by 4116.
1304
Calculate the remainder when 32966 is divided by 942.
938
Calculate the remainder when 22078765 is divided by 103.
97
What is the remainder when 11283326 is divided by 2256661?
21
Calculate the remainder when 1366137 is divided by 80268.
1581
Calculate the remainder when 28078859 is divided by 163249.
31
What is the remainder when 33783 is divided by 3377?
13
What is the remainder when 18125 is divided by 630?
485
What is the remainder when 2216789 is divided by 386?
377
What is the remainder when 609771286 is divided by 218?
216
Calculate the remainder when 54457319 is divided by 159.
137
What is the remainder when 90871037 is divided by 832?
829
What is the remainder when 315593 is divided by 3395?
3253
Calculate the remainder when 2620497 is divided by 375.
372
What is the remainder when 19957 is divided by 397?
107
What is the remainder when 866929 is divided by 287952?
3073
Calculate the remainder when 162032 is divided by 160013.
2019
What is the remainder when 33684 is divided by 183?
12
Calculate the remainder when 349566 is divided by 174752.
62
Calculate the remainder when 30151 is divided by 425.
401
Calculate the remainder when 387655 is divided by 128121.
3292
Calculate the remainder when 222173 is divided by 646.
595
What is the remainder when 6784698 is divided by 211?
204
What is the remainder when 128455 is divided by 20464?
5671
Calculate the remainder when 14886248 is divided by 408.
368
Calculate the remainder when 451959 is divided by 173.
83
Calculate the remainder when 24186730 is divided by 350.
330
Calculate the remainder when 355779311 is divided by 177889649.
13
Calculate the remainder when 343699 is divided by 148.
43
Calculate the remainder when 52397 is divided by 101.
79
Calculate the remainder when 33258682 is divided by 91370.
2
What is the remainder when 14388838 is divided by 4247?
2
Calculate the remainder when 2133224 is divided by 20316.
44
What is the remainder when 17500587 is divided by 55?
27
Calculate the remainder when 280690 is divided by 40087.
81
Calculate the remainder when 65537 is divided by 774.
521
Calculate the remainder when 186239 is divided by 30239.
4805
Calculate the remainder when 494953 is divided by 494766.
187
Calculate the remainder when 1961668 is divided by 3472.
3460
Calculate the remainder when 1115419 is divided by 627.
613
Calculate the remainder when 39747 is divided by 1656.
3
What is the remainder when 178191 is divided by 11736?
2151
Calculate the remainder when 18322 is divided by 3723.
3430
What is the remainder when 18858393 is divided by 72?
9
What is the remainder when 8380533 is divided by 1874?
5
Calculate the remainder when 330951 is divided by 47278.
5
What is the remainder when 17264 is divided by 4039?
1108
Calculate the remainder when 4461423 is divided by 1227.
51
Calculate the remainder when 45448 is divided by 273.
130
What is the remainder when 999817 is divided by 58810?
47
What is the remainder when 209786 is divided by 153?
23
What is the remainder when 1201434 is divided by 240282?
24
What is the remainder when 154741 is divided by 206?
35
What is the remainder when 1258033 is divided by 1305?
13
What is the remainder when 7383987 is divided by 1476796?
7
What is the remainder when 185647 is divided by 221?
7
What is the remainder when 34228 is divided by 16460?
1308
Calculate the remainder when 28801321 is divided by 229.
220
Calculate the remainder when 106481 is divided by 5321.
61
What is the remainder when 986851 is divided by 319?
184
Calculate the remainder when 2394698 is divided by 798231.
5
Calculate the remainder when 31741363 is divided by 563.
549
What is the remainder when 1218892 is divided by 135179?
2281
What is the remainder when 3648585 is divided by 211?
184
What is the remainder when 2656255 is divided by 102149?
381
What is the remainder when 3908373 is divided by 217130?
33
What is the remainder when 222481434 is divided by 13?
6
What is the remainder when 3332398 is divided by 100?
98
What is the remainder when 5788955 is divided by 23921?
73
What is the remainder when 481886 is divided by 1874?
268
What is the remainder when 551